d by 171?
155
Calculate the remainder when 62 is divided by 33.
29
Calculate the remainder when 2189 is divided by 15.
14
What is the remainder when 703 is divided by 301?
101
What is the remainder when 792 is divided by 57?
51
What is the remainder when 158 is divided by 24?
14
What is the remainder when 39 is divided by 39?
0
What is the remainder when 13677 is divided by 171?
168
Calculate the remainder when 809 is divided by 264.
17
Calculate the remainder when 2853 is divided by 102.
99
What is the remainder when 554 is divided by 183?
5
Calculate the remainder when 633 is divided by 82.
59
What is the remainder when 1597 is divided by 10?
7
Calculate the remainder when 174 is divided by 1.
0
What is the remainder when 44 is divided by 11?
0
What is the remainder when 1107 is divided by 504?
99
Calculate the remainder when 884 is divided by 428.
28
Calculate the remainder when 52 is divided by 11.
8
What is the remainder when 34 is divided by 18?
16
What is the remainder when 3795 is divided by 13?
12
What is the remainder when 814 is divided by 17?
15
What is the remainder when 513 is divided by 65?
58
Calculate the remainder when 579 is divided by 3.
0
Calculate the remainder when 203 is divided by 106.
97
Calculate the remainder when 261 is divided by 19.
14
Calculate the remainder when 5158 is divided by 129.
127
Calculate the remainder when 402 is divided by 14.
10
What is the remainder when 714 is divided by 708?
6
Calculate the remainder when 3390 is divided by 39.
36
Calculate the remainder when 378 is divided by 88.
26
Calculate the remainder when 191 is divided by 24.
23
What is the remainder when 211 is divided by 34?
7
Calculate the remainder when 501 is divided by 36.
33
Calculate the remainder when 769 is divided by 276.
217
What is the remainder when 49 is divided by 27?
22
Calculate the remainder when 4439 is divided by 120.
119
Calculate the remainder when 512 is divided by 43.
39
What is the remainder when 1179 is divided by 18?
9
Calculate the remainder when 9456 is divided by 4727.
2
What is the remainder when 1716 is divided by 45?
6
Calculate the remainder when 669 is divided by 28.
25
What is the remainder when 176 is divided by 62?
52
Calculate the remainder when 142 is divided by 16.
14
What is the remainder when 180 is divided by 33?
15
What is the remainder when 275 is divided by 203?
72
What is the remainder when 1055 is divided by 310?
125
What is the remainder when 30 is divided by 8?
6
What is the remainder when 313 is divided by 156?
1
Calculate the remainder when 114 is divided by 91.
23
What is the remainder when 45 is divided by 6?
3
What is the remainder when 1861 is divided by 18?
7
Calculate the remainder when 30 is divided by 17.
13
Calculate the remainder when 1745 is divided by 23.
20
Calculate the remainder when 2379 is divided by 70.
69
Calculate the remainder when 213 is divided by 27.
24
What is the remainder when 161 is divided by 41?
38
Calculate the remainder when 69 is divided by 36.
33
Calculate the remainder when 384 is divided by 91.
20
Calculate the remainder when 263 is divided by 55.
43
What is the remainder when 146 is divided by 6?
2
Calculate the remainder when 2131 is divided by 27.
25
Calculate the remainder when 1405 is divided by 22.
19
Calculate the remainder when 41605 is divided by 57.
52
What is the remainder when 190 is divided by 32?
30
Calculate the remainder when 1248 is divided by 125.
123
What is the remainder when 2023 is divided by 45?
43
What is the remainder when 305 is divided by 18?
17
Calculate the remainder when 196 is divided by 44.
20
Calculate the remainder when 1592 is divided by 316.
12
Calculate the remainder when 671 is divided by 27.
23
Calculate the remainder when 2107 is divided by 111.
109
What is the remainder when 56518 is divided by 118?
114
Calculate the remainder when 1483 is divided by 55.
53
Calculate the remainder when 947 is divided by 13.
11
Calculate the remainder when 490 is divided by 19.
15
What is the remainder when 2761 is divided by 25?
11
What is the remainder when 562 is divided by 14?
2
What is the remainder when 146 is divided by 7?
6
What is the remainder when 309 is divided by 106?
97
What is the remainder when 4027 is divided by 13?
10
What is the remainder when 2028 is divided by 27?
3
What is the remainder when 1884 is divided by 109?
31
What is the remainder when 2398 is divided by 100?
98
Calculate the remainder when 216 is divided by 38.
26
What is the remainder when 10961 is divided by 203?
202
What is the remainder when 520 is divided by 23?
14
Calculate the remainder when 62 is divided by 39.
23
Calculate the remainder when 446 is divided by 59.
33
Calculate the remainder when 1406 is divided by 8.
6
What is the remainder when 336 is divided by 55?
6
Calculate the remainder when 216 is divided by 73.
70
What is the remainder when 530 is divided by 32?
18
What is the remainder when 79 is divided by 20?
19
Calculate the remainder when 68 is divided by 39.
29
What is the remainder when 6014 is divided by 353?
13
Calculate the remainder when 2390 is divided by 19.
15
What is the remainder when 508 is divided by 14?
4
What is the remainder when 145 is divided by 30?
25
What is the remainder when 299 is divided by 142?
15
What is the remainder when 1638 is divided by 51?
6
Calculate the remainder when 2198 is divided by 20.
18
Calculate the remainder when 335 is divided by 47.
6
Calculate the remainder when 193 is divided by 41.
29
Calculate the remainder when 445 is divided by 183.
79
Calculate the remainder when 37 is divided by 13.
11
Calculate the remainder when 370 is divided by 36.
10
What is the remainder when 49 is divided by 14?
7
What is the remainder when 47 is divided by 41?
6
Calculate the remainder when 19 is divided by 10.
9
What is the remainder when 1110 is divided by 511?
88
What is the remainder when 204 is divided by 41?
40
Calculate the remainder when 548 is divided by 22.
20
Calculate the remainder when 171 is divided by 12.
3
Calculate the remainder when 856 is divided by 41.
36
What is the remainder when 1323 is divided by 150?
123
Calculate the remainder when 2129 is divided by 5.
4
What is the remainder when 3577 is divided by 40?
17
What is the remainder when 623 is divided by 48?
47
Calculate the remainder when 95 is divided by 20.
15
What is the remainder when 838 is divided by 20?
18
Calculate the remainder when 816 is divided by 21.
18
Calculate the remainder when 34 is divided by 27.
7
What is the remainder when 7634 is divided by 102?
86
Calculate the remainder when 407 is divided by 18.
11
What is the remainder when 622 is divided by 236?
150
What is the remainder when 1204 is divided by 71?
68
Calculate the remainder when 27284 is divided by 72.
68
Calculate the remainder when 720 is divided by 5.
0
Calculate the remainder when 36213 is divided by 91.
86
What is the remainder when 303 is divided by 92?
27
What is the remainder when 443 is divided by 116?
95
Calculate the remainder when 85 is divided by 37.
11
Calculate the remainder when 520 is divided by 22.
14
Calculate the remainder when 55 is divided by 31.
24
What is the remainder when 200 is divided by 176?
24
Calculate the remainder when 5240 is divided by 34.
4
Calculate the remainder when 2020 is divided by 43.
42
Calculate the remainder when 116 is divided by 41.
34
Calculate the remainder when 64 is divided by 29.
6
Calculate the remainder when 482 is divided by 16.
2
Calculate the remainder when 308 is divided by 31.
29
What is the remainder when 236 is divided by 72?
20
What is the remainder when 3492 is divided by 15?
12
Calculate the remainder when 557 is divided by 20.
17
What is the remainder when 71 is divided by 12?
11
Calculate the remainder when 56 is divided by 18.
2
What is the remainder when 59 is divided by 33?
26
Calculate the remainder when 537 is divided by 53.
7
What is the remainder when 350 is divided by 90?
80
What is the remainder when 764 is divided by 374?
16
What is the remainder when 21166 is divided by 126?
124
What is the remainder when 131 is divided by 48?
35
What is the remainder when 204 is divided by 23?
20
Calculate the remainder when 244 is divided by 35.
34
What is the remainder when 599 